{"id":24297,"date":"2024-02-28T21:01:11","date_gmt":"2024-02-28T21:01:11","guid":{"rendered":"https:\/\/www.emilieeychenne.fr\/?post_type=product&#038;p=24297"},"modified":"2025-02-10T10:25:40","modified_gmt":"2025-02-10T09:25:40","slug":"cours-photos-la-prise-de-vue","status":"publish","type":"product","link":"https:\/\/www.emilieeychenne.fr\/en\/product\/cours-photos-la-prise-de-vue\/","title":{"rendered":"La prise de vue"},"content":{"rendered":"","protected":false},"excerpt":{"rendered":"<p>SAMEDI 18 JANVIER 2025 | 14H-18H<br \/>\n<em>au Palmito Biarritz<\/em><br \/>\nLe cours photos qu&#8217;il te faut si tu ma\u00eetrises d\u00e9j\u00e0 ton appareil mais que tu sens qu&#8217;il manque un petit truc \u00e0 tes photos ! On commencera par de la th\u00e9orie (et on profitera pour prendre un petit go\u00fbter) puis on ira se balader pour mettre tout \u00e7a en pratique lors d&#8217;une demi-journ\u00e9e en groupe de 6 personnes.<\/p>\n","protected":false},"featured_media":23480,"comment_status":"open","ping_status":"closed","template":"","meta":{"_acf_changed":false,"_seopress_robots_primary_cat":"none","_seopress_titles_title":"","_seopress_titles_desc":"","_seopress_robots_index":"","narrative_post_script":"","_kad_blocks_custom_css":"","_kad_blocks_head_custom_js":"","_kad_blocks_body_custom_js":"","_kad_blocks_footer_custom_js":"","_kad_post_transparent":"default","_kad_post_title":"","_kad_post_layout":"default","_kad_post_sidebar_id":"","_kad_post_content_style":"default","_kad_post_vertical_padding":"default","_kad_post_feature":"","_kad_post_feature_position":"","_kad_post_header":false,"_kad_post_footer":false},"product_brand":[],"product_cat":[50],"product_tag":[],"class_list":{"0":"post-24297","1":"product","2":"type-product","3":"status-publish","4":"has-post-thumbnail","6":"product_cat-cours","8":"first","9":"instock","10":"virtual","11":"sold-individually","12":"taxable","13":"purchasable","14":"product-type-simple","15":"entry","16":"content-bg","17":"loop-entry"},"acf":[],"taxonomy_info":{"product_cat":[{"value":50,"label":"cours"}]},"featured_image_src_large":["https:\/\/www.emilieeychenne.fr\/app\/uploads\/2024\/01\/GQ7A0842.png",1024,636,false],"author_info":[],"comment_info":0,"_links":{"self":[{"href":"https:\/\/www.emilieeychenne.fr\/en\/wp-json\/wp\/v2\/product\/24297","targetHints":{"allow":["GET"]}}],"collection":[{"href":"https:\/\/www.emilieeychenne.fr\/en\/wp-json\/wp\/v2\/product"}],"about":[{"href":"https:\/\/www.emilieeychenne.fr\/en\/wp-json\/wp\/v2\/types\/product"}],"replies":[{"embeddable":true,"href":"https:\/\/www.emilieeychenne.fr\/en\/wp-json\/wp\/v2\/comments?post=24297"}],"wp:featuredmedia":[{"embeddable":true,"href":"https:\/\/www.emilieeychenne.fr\/en\/wp-json\/wp\/v2\/media\/23480"}],"wp:attachment":[{"href":"https:\/\/www.emilieeychenne.fr\/en\/wp-json\/wp\/v2\/media?parent=24297"}],"wp:term":[{"taxonomy":"product_brand","embeddable":true,"href":"https:\/\/www.emilieeychenne.fr\/en\/wp-json\/wp\/v2\/product_brand?post=24297"},{"taxonomy":"product_cat","embeddable":true,"href":"https:\/\/www.emilieeychenne.fr\/en\/wp-json\/wp\/v2\/product_cat?post=24297"},{"taxonomy":"product_tag","embeddable":true,"href":"https:\/\/www.emilieeychenne.fr\/en\/wp-json\/wp\/v2\/product_tag?post=24297"}],"curies":[{"name":"wp","href":"https:\/\/api.w.org\/{rel}","templated":true}]}}

<p>SAMEDI 18 JANVIER 2025 | 14H-18H<br />
<em>au Palmito Biarritz</em><br />
Le cours photos qu&#8217;il te faut si tu maîtrises déjà ton appareil mais que tu sens qu&#8217;il manque un petit truc à tes photos ! On commencera par de la théorie (et on profitera pour prendre un petit goûter) puis on ira se balader pour mettre tout ça en pratique lors d&#8217;une demi-journée en groupe de 6 personnes.</p>
